{"id":1717,"date":"2022-02-28T16:07:18","date_gmt":"2022-02-28T15:07:18","guid":{"rendered":"https:\/\/misqa.com\/professeurs\/adam-b-hart-aaron-boyd\/"},"modified":"2022-02-28T16:07:18","modified_gmt":"2022-02-28T15:07:18","slug":"adam-b-hart-aaron-boyd","status":"publish","type":"professeurs","link":"https:\/\/misqa.com\/fr\/professeurs\/adam-b-hart-aaron-boyd\/","title":{"rendered":"Adam B-Hart Aaron Boyd"},"content":{"rendered":"<p>Premier prix des \u00e9ditions 2001 et 2002 du Concours Irving M. Klein, Adam Barnett-Hart a fait ses d\u00e9buts en tant que soliste \u00e0 l\u2019\u00e2ge de 19 ans avec le Juilliard Symphony au Alice Tully Hall de New-York. Gradu\u00e9 de Juilliard, o\u00f9 il a \u00e9tudi\u00e9 sous la tutelle de Joel Smirnoff, il a ensuite poursuivi ses \u00e9tudes avec Pinchas Zukerman. Il a aussi \u00e9tudi\u00e9 avec James Maurer, Paul Kantor et Donald Weilerstein.<br \/>\nOriginaire de Pittsburgh, Aaron Boyd a commenc\u00e9 \u00e0 jouer du violon \u00e0 l&rsquo;\u00e2ge de sept ans. Laur\u00e9at de nombreux concours, M. Boyd a particip\u00e9 aux Festivals de musique de Tanglewood, Fontainebleau, Prussia Cove et Marlboro, o\u00f9 il a jou\u00e9 avec des membres du Trio Beaux Arts ainsi que des Quatuors \u00e0 cordes Juilliard, Guarneri et Orion. Il est dipl\u00f4m\u00e9 de l&rsquo;\u00e9cole Juilliard o\u00f9 il a \u00e9tudi\u00e9 avec Sally Thomas et Harvey Shapiro.<\/p>\n","protected":false},"featured_media":1444,"parent":0,"template":"","annee":[10],"class_list":["post-1717","professeurs","type-professeurs","status-publish","has-post-thumbnail","hentry","annee-10"],"acf":[],"yoast_head":"<!-- This site is optimized with the Yoast SEO plugin v27.5 - https:\/\/yoast.com\/product\/yoast-seo-wordpress\/ -->\n<title>Adam B-Hart Aaron Boyd - MISQA - McGill International String Quartet Academy<\/title>\n<meta name=\"robots\" content=\"index, follow, max-snippet:-1, max-image-preview:large, max-video-preview:-1\" \/>\n<link rel=\"canonical\" href=\"https:\/\/misqa.com\/fr\/professeurs\/adam-b-hart-aaron-boyd\/\" \/>\n<meta property=\"og:locale\" content=\"fr_FR\" \/>\n<meta property=\"og:type\" content=\"article\" \/>\n<meta property=\"og:title\" content=\"Adam B-Hart Aaron Boyd - MISQA - McGill International String Quartet Academy\" \/>\n<meta property=\"og:description\" content=\"Premier prix des \u00e9ditions 2001 et 2002 du Concours Irving M. Klein, Adam Barnett-Hart a fait ses d\u00e9buts en tant [&hellip;]\" \/>\n<meta property=\"og:url\" content=\"https:\/\/misqa.com\/fr\/professeurs\/adam-b-hart-aaron-boyd\/\" \/>\n<meta property=\"og:site_name\" content=\"MISQA - McGill International String Quartet Academy\" \/>\n<meta property=\"og:image\" content=\"https:\/\/misqa.com\/wp-content\/uploads\/2021\/10\/aaviovio_0.png\" \/>\n\t<meta property=\"og:image:width\" content=\"74\" \/>\n\t<meta property=\"og:image:height\" content=\"110\" \/>\n\t<meta property=\"og:image:type\" content=\"image\/png\" \/>\n<meta name=\"twitter:card\" content=\"summary_large_image\" \/>\n<meta name=\"twitter:label1\" content=\"Dur\u00e9e de lecture estim\u00e9e\" \/>\n\t<meta name=\"twitter:data1\" content=\"1 minute\" \/>\n<script type=\"application\/ld+json\" class=\"yoast-schema-graph\">{\"@context\":\"https:\\\/\\\/schema.org\",\"@graph\":[{\"@type\":\"WebPage\",\"@id\":\"https:\\\/\\\/misqa.com\\\/fr\\\/professeurs\\\/adam-b-hart-aaron-boyd\\\/\",\"url\":\"https:\\\/\\\/misqa.com\\\/fr\\\/professeurs\\\/adam-b-hart-aaron-boyd\\\/\",\"name\":\"Adam B-Hart Aaron Boyd - MISQA - McGill International String Quartet Academy\",\"isPartOf\":{\"@id\":\"https:\\\/\\\/misqa.com\\\/#website\"},\"primaryImageOfPage\":{\"@id\":\"https:\\\/\\\/misqa.com\\\/fr\\\/professeurs\\\/adam-b-hart-aaron-boyd\\\/#primaryimage\"},\"image\":{\"@id\":\"https:\\\/\\\/misqa.com\\\/fr\\\/professeurs\\\/adam-b-hart-aaron-boyd\\\/#primaryimage\"},\"thumbnailUrl\":\"https:\\\/\\\/misqa.com\\\/wp-content\\\/uploads\\\/2021\\\/10\\\/aaviovio_0.png\",\"datePublished\":\"2022-02-28T15:07:18+00:00\",\"breadcrumb\":{\"@id\":\"https:\\\/\\\/misqa.com\\\/fr\\\/professeurs\\\/adam-b-hart-aaron-boyd\\\/#breadcrumb\"},\"inLanguage\":\"fr-FR\",\"potentialAction\":[{\"@type\":\"ReadAction\",\"target\":[\"https:\\\/\\\/misqa.com\\\/fr\\\/professeurs\\\/adam-b-hart-aaron-boyd\\\/\"]}]},{\"@type\":\"ImageObject\",\"inLanguage\":\"fr-FR\",\"@id\":\"https:\\\/\\\/misqa.com\\\/fr\\\/professeurs\\\/adam-b-hart-aaron-boyd\\\/#primaryimage\",\"url\":\"https:\\\/\\\/misqa.com\\\/wp-content\\\/uploads\\\/2021\\\/10\\\/aaviovio_0.png\",\"contentUrl\":\"https:\\\/\\\/misqa.com\\\/wp-content\\\/uploads\\\/2021\\\/10\\\/aaviovio_0.png\",\"width\":74,\"height\":110},{\"@type\":\"BreadcrumbList\",\"@id\":\"https:\\\/\\\/misqa.com\\\/fr\\\/professeurs\\\/adam-b-hart-aaron-boyd\\\/#breadcrumb\",\"itemListElement\":[{\"@type\":\"ListItem\",\"position\":1,\"name\":\"Home\",\"item\":\"https:\\\/\\\/misqa.com\\\/\"},{\"@type\":\"ListItem\",\"position\":2,\"name\":\"Adam B-Hart Aaron Boyd\"}]},{\"@type\":\"WebSite\",\"@id\":\"https:\\\/\\\/misqa.com\\\/#website\",\"url\":\"https:\\\/\\\/misqa.com\\\/\",\"name\":\"MISQA - McGill International String Quartet Academy\",\"description\":\"Acad\u00e9mie de quatuors \u00e0 cordes au Canada\",\"publisher\":{\"@id\":\"https:\\\/\\\/misqa.com\\\/#organization\"},\"potentialAction\":[{\"@type\":\"SearchAction\",\"target\":{\"@type\":\"EntryPoint\",\"urlTemplate\":\"https:\\\/\\\/misqa.com\\\/?s={search_term_string}\"},\"query-input\":{\"@type\":\"PropertyValueSpecification\",\"valueRequired\":true,\"valueName\":\"search_term_string\"}}],\"inLanguage\":\"fr-FR\"},{\"@type\":\"Organization\",\"@id\":\"https:\\\/\\\/misqa.com\\\/#organization\",\"name\":\"MISQA - McGill International String Quartet Academy\",\"url\":\"https:\\\/\\\/misqa.com\\\/\",\"logo\":{\"@type\":\"ImageObject\",\"inLanguage\":\"fr-FR\",\"@id\":\"https:\\\/\\\/misqa.com\\\/#\\\/schema\\\/logo\\\/image\\\/\",\"url\":\"https:\\\/\\\/misqa.com\\\/wp-content\\\/uploads\\\/2022\\\/04\\\/misqa_logo_15.svg\",\"contentUrl\":\"https:\\\/\\\/misqa.com\\\/wp-content\\\/uploads\\\/2022\\\/04\\\/misqa_logo_15.svg\",\"caption\":\"MISQA - McGill International String Quartet Academy\"},\"image\":{\"@id\":\"https:\\\/\\\/misqa.com\\\/#\\\/schema\\\/logo\\\/image\\\/\"}}]}<\/script>\n<!-- \/ Yoast SEO plugin. -->","yoast_head_json":{"title":"Adam B-Hart Aaron Boyd - MISQA - McGill International String Quartet Academy","robots":{"index":"index","follow":"follow","max-snippet":"max-snippet:-1","max-image-preview":"max-image-preview:large","max-video-preview":"max-video-preview:-1"},"canonical":"https:\/\/misqa.com\/fr\/professeurs\/adam-b-hart-aaron-boyd\/","og_locale":"fr_FR","og_type":"article","og_title":"Adam B-Hart Aaron Boyd - MISQA - McGill International String Quartet Academy","og_description":"Premier prix des \u00e9ditions 2001 et 2002 du Concours Irving M. Klein, Adam Barnett-Hart a fait ses d\u00e9buts en tant [&hellip;]","og_url":"https:\/\/misqa.com\/fr\/professeurs\/adam-b-hart-aaron-boyd\/","og_site_name":"MISQA - McGill International String Quartet Academy","og_image":[{"width":74,"height":110,"url":"https:\/\/misqa.com\/wp-content\/uploads\/2021\/10\/aaviovio_0.png","type":"image\/png"}],"twitter_card":"summary_large_image","twitter_misc":{"Dur\u00e9e de lecture estim\u00e9e":"1 minute"},"schema":{"@context":"https:\/\/schema.org","@graph":[{"@type":"WebPage","@id":"https:\/\/misqa.com\/fr\/professeurs\/adam-b-hart-aaron-boyd\/","url":"https:\/\/misqa.com\/fr\/professeurs\/adam-b-hart-aaron-boyd\/","name":"Adam B-Hart Aaron Boyd - MISQA - McGill International String Quartet Academy","isPartOf":{"@id":"https:\/\/misqa.com\/#website"},"primaryImageOfPage":{"@id":"https:\/\/misqa.com\/fr\/professeurs\/adam-b-hart-aaron-boyd\/#primaryimage"},"image":{"@id":"https:\/\/misqa.com\/fr\/professeurs\/adam-b-hart-aaron-boyd\/#primaryimage"},"thumbnailUrl":"https:\/\/misqa.com\/wp-content\/uploads\/2021\/10\/aaviovio_0.png","datePublished":"2022-02-28T15:07:18+00:00","breadcrumb":{"@id":"https:\/\/misqa.com\/fr\/professeurs\/adam-b-hart-aaron-boyd\/#breadcrumb"},"inLanguage":"fr-FR","potentialAction":[{"@type":"ReadAction","target":["https:\/\/misqa.com\/fr\/professeurs\/adam-b-hart-aaron-boyd\/"]}]},{"@type":"ImageObject","inLanguage":"fr-FR","@id":"https:\/\/misqa.com\/fr\/professeurs\/adam-b-hart-aaron-boyd\/#primaryimage","url":"https:\/\/misqa.com\/wp-content\/uploads\/2021\/10\/aaviovio_0.png","contentUrl":"https:\/\/misqa.com\/wp-content\/uploads\/2021\/10\/aaviovio_0.png","width":74,"height":110},{"@type":"BreadcrumbList","@id":"https:\/\/misqa.com\/fr\/professeurs\/adam-b-hart-aaron-boyd\/#breadcrumb","itemListElement":[{"@type":"ListItem","position":1,"name":"Home","item":"https:\/\/misqa.com\/"},{"@type":"ListItem","position":2,"name":"Adam B-Hart Aaron Boyd"}]},{"@type":"WebSite","@id":"https:\/\/misqa.com\/#website","url":"https:\/\/misqa.com\/","name":"MISQA - McGill International String Quartet Academy","description":"Acad\u00e9mie de quatuors \u00e0 cordes au Canada","publisher":{"@id":"https:\/\/misqa.com\/#organization"},"potentialAction":[{"@type":"SearchAction","target":{"@type":"EntryPoint","urlTemplate":"https:\/\/misqa.com\/?s={search_term_string}"},"query-input":{"@type":"PropertyValueSpecification","valueRequired":true,"valueName":"search_term_string"}}],"inLanguage":"fr-FR"},{"@type":"Organization","@id":"https:\/\/misqa.com\/#organization","name":"MISQA - McGill International String Quartet Academy","url":"https:\/\/misqa.com\/","logo":{"@type":"ImageObject","inLanguage":"fr-FR","@id":"https:\/\/misqa.com\/#\/schema\/logo\/image\/","url":"https:\/\/misqa.com\/wp-content\/uploads\/2022\/04\/misqa_logo_15.svg","contentUrl":"https:\/\/misqa.com\/wp-content\/uploads\/2022\/04\/misqa_logo_15.svg","caption":"MISQA - McGill International String Quartet Academy"},"image":{"@id":"https:\/\/misqa.com\/#\/schema\/logo\/image\/"}}]}},"_links":{"self":[{"href":"https:\/\/misqa.com\/fr\/wp-json\/wp\/v2\/professeurs\/1717","targetHints":{"allow":["GET"]}}],"collection":[{"href":"https:\/\/misqa.com\/fr\/wp-json\/wp\/v2\/professeurs"}],"about":[{"href":"https:\/\/misqa.com\/fr\/wp-json\/wp\/v2\/types\/professeurs"}],"wp:featuredmedia":[{"embeddable":true,"href":"https:\/\/misqa.com\/fr\/wp-json\/wp\/v2\/media\/1444"}],"wp:attachment":[{"href":"https:\/\/misqa.com\/fr\/wp-json\/wp\/v2\/media?parent=1717"}],"wp:term":[{"taxonomy":"annee","embeddable":true,"href":"https:\/\/misqa.com\/fr\/wp-json\/wp\/v2\/annee?post=1717"}],"curies":[{"name":"wp","href":"https:\/\/api.w.org\/{rel}","templated":true}]}}

<p>Premier prix des éditions 2001 et 2002 du Concours Irving M. Klein, Adam Barnett-Hart a fait ses débuts en tant que soliste à l’âge de 19 ans avec le Juilliard Symphony au Alice Tully Hall de New-York. Gradué de Juilliard, où il a étudié sous la tutelle de Joel Smirnoff, il a ensuite poursuivi ses études avec Pinchas Zukerman. Il a aussi étudié avec James Maurer, Paul Kantor et Donald Weilerstein.<br />
Originaire de Pittsburgh, Aaron Boyd a commencé à jouer du violon à l&rsquo;âge de sept ans. Lauréat de nombreux concours, M. Boyd a participé aux Festivals de musique de Tanglewood, Fontainebleau, Prussia Cove et Marlboro, où il a joué avec des membres du Trio Beaux Arts ainsi que des Quatuors à cordes Juilliard, Guarneri et Orion. Il est diplômé de l&rsquo;école Juilliard où il a étudié avec Sally Thomas et Harvey Shapiro.</p>

<!-- This site is optimized with the Yoast SEO plugin v27.5 - https://yoast.com/product/yoast-seo-wordpress/ -->
<title>Adam B-Hart Aaron Boyd - MISQA - McGill International String Quartet Academy</title>
<meta name="robots" content="index, follow, max-snippet:-1, max-image-preview:large, max-video-preview:-1" />
<link rel="canonical" href="https://misqa.com/fr/professeurs/adam-b-hart-aaron-boyd/" />
<meta property="og:locale" content="fr_FR" />
<meta property="og:type" content="article" />
<meta property="og:title" content="Adam B-Hart Aaron Boyd - MISQA - McGill International String Quartet Academy" />
<meta property="og:description" content="Premier prix des éditions 2001 et 2002 du Concours Irving M. Klein, Adam Barnett-Hart a fait ses débuts en tant [&hellip;]" />
<meta property="og:url" content="https://misqa.com/fr/professeurs/adam-b-hart-aaron-boyd/" />
<meta property="og:site_name" content="MISQA - McGill International String Quartet Academy" />
<meta property="og:image" content="https://misqa.com/wp-content/uploads/2021/10/aaviovio_0.png" />
	<meta property="og:image:width" content="74" />
	<meta property="og:image:height" content="110" />
	<meta property="og:image:type" content="image/png" />
<meta name="twitter:card" content="summary_large_image" />
<meta name="twitter:label1" content="Durée de lecture estimée" />
	<meta name="twitter:data1" content="1 minute" />
<script type="application/ld+json" class="yoast-schema-graph">{"@context":"https:\/\/schema.org","@graph":[{"@type":"WebPage","@id":"https:\/\/misqa.com\/fr\/professeurs\/adam-b-hart-aaron-boyd\/","url":"https:\/\/misqa.com\/fr\/professeurs\/adam-b-hart-aaron-boyd\/","name":"Adam B-Hart Aaron Boyd - MISQA - McGill International String Quartet Academy","isPartOf":{"@id":"https:\/\/misqa.com\/#website"},"primaryImageOfPage":{"@id":"https:\/\/misqa.com\/fr\/professeurs\/adam-b-hart-aaron-boyd\/#primaryimage"},"image":{"@id":"https:\/\/misqa.com\/fr\/professeurs\/adam-b-hart-aaron-boyd\/#primaryimage"},"thumbnailUrl":"https:\/\/misqa.com\/wp-content\/uploads\/2021\/10\/aaviovio_0.png","datePublished":"2022-02-28T15:07:18+00:00","breadcrumb":{"@id":"https:\/\/misqa.com\/fr\/professeurs\/adam-b-hart-aaron-boyd\/#breadcrumb"},"inLanguage":"fr-FR","potentialAction":[{"@type":"ReadAction","target":["https:\/\/misqa.com\/fr\/professeurs\/adam-b-hart-aaron-boyd\/"]}]},{"@type":"ImageObject","inLanguage":"fr-FR","@id":"https:\/\/misqa.com\/fr\/professeurs\/adam-b-hart-aaron-boyd\/#primaryimage","url":"https:\/\/misqa.com\/wp-content\/uploads\/2021\/10\/aaviovio_0.png","contentUrl":"https:\/\/misqa.com\/wp-content\/uploads\/2021\/10\/aaviovio_0.png","width":74,"height":110},{"@type":"BreadcrumbList","@id":"https:\/\/misqa.com\/fr\/professeurs\/adam-b-hart-aaron-boyd\/#breadcrumb","itemListElement":[{"@type":"ListItem","position":1,"name":"Home","item":"https:\/\/misqa.com\/"},{"@type":"ListItem","position":2,"name":"Adam B-Hart Aaron Boyd"}]},{"@type":"WebSite","@id":"https:\/\/misqa.com\/#website","url":"https:\/\/misqa.com\/","name":"MISQA - McGill International String Quartet Academy","description":"Académie de quatuors à cordes au Canada","publisher":{"@id":"https:\/\/misqa.com\/#organization"},"potentialAction":[{"@type":"SearchAction","target":{"@type":"EntryPoint","urlTemplate":"https:\/\/misqa.com\/?s={search_term_string}"},"query-input":{"@type":"PropertyValueSpecification","valueRequired":true,"valueName":"search_term_string"}}],"inLanguage":"fr-FR"},{"@type":"Organization","@id":"https:\/\/misqa.com\/#organization","name":"MISQA - McGill International String Quartet Academy","url":"https:\/\/misqa.com\/","logo":{"@type":"ImageObject","inLanguage":"fr-FR","@id":"https:\/\/misqa.com\/#\/schema\/logo\/image\/","url":"https:\/\/misqa.com\/wp-content\/uploads\/2022\/04\/misqa_logo_15.svg","contentUrl":"https:\/\/misqa.com\/wp-content\/uploads\/2022\/04\/misqa_logo_15.svg","caption":"MISQA - McGill International String Quartet Academy"},"image":{"@id":"https:\/\/misqa.com\/#\/schema\/logo\/image\/"}}]}</script>
<!-- / Yoast SEO plugin. -->

Premier prix des éditions 2001 et 2002 du Concours Irving M. Klein, Adam Barnett-Hart a fait ses débuts en tant [&hellip;]

Académie de quatuors à cordes au Canada
