{"id":1742,"date":"2022-02-28T16:07:26","date_gmt":"2022-02-28T15:07:26","guid":{"rendered":"https:\/\/misqa.com\/professeurs\/ralph-de-souza\/"},"modified":"2022-02-28T16:07:26","modified_gmt":"2022-02-28T15:07:26","slug":"ralph-de-souza","status":"publish","type":"professeurs","link":"https:\/\/misqa.com\/fr\/professeurs\/ralph-de-souza\/","title":{"rendered":"Ralph de Souza"},"content":{"rendered":"<p>N\u00e9 \u00e0 Bombay, Ralph de Souza a commenc\u00e9 l\u2019\u00e9tude du violon avec son p\u00e8re avant d \u2018\u00e9tudier quelques ann\u00e9es avec Melbourne Halloween.  D\u00e8s l\u2019\u00e2ge de 10 ans, il est admis \u00e0 l\u2019\u00e9cole Yehudi Menuhin de Londres et poursuit par la suite sa formation  \u00e0  l\u2019Institut Curtis de Philadelphie, o\u00f9 il \u00e9tudie avec Ivan Galamian et Jaime Laredo.<br \/>\nR\u00e9cipiendaire de la m\u00e9daille d\u2019or du Royal Overseas League Competition de Londres en 1977, M. de Souza  d\u00e9couvre sa passion pour le quatuor \u00e0 cordes en 1985 lors d\u2019un s\u00e9jour au Festival de Musique de Chambre de Marlboro. L\u2019ann\u00e9e suivante, il retourne en Angleterre pour se joindre au quatuor Endellion.<br \/>\nRalph de Souza  collabore depuis plusieurs ann\u00e9es avec le S\u00e9minaire International des Musiciens \u00e0 Prussia Cove et enseigne \u00e9galement \u00e0 l\u2019\u00e9cole Yehudi Menuhin.<\/p>\n","protected":false},"featured_media":1494,"parent":0,"template":"","annee":[15],"class_list":["post-1742","professeurs","type-professeurs","status-publish","has-post-thumbnail","hentry","annee-15"],"acf":[],"yoast_head":"<!-- This site is optimized with the Yoast SEO plugin v27.5 - https:\/\/yoast.com\/product\/yoast-seo-wordpress\/ -->\n<title>Ralph de Souza - MISQA - McGill International String Quartet Academy<\/title>\n<meta name=\"robots\" content=\"index, follow, max-snippet:-1, max-image-preview:large, max-video-preview:-1\" \/>\n<link rel=\"canonical\" href=\"https:\/\/misqa.com\/fr\/professeurs\/ralph-de-souza\/\" \/>\n<meta property=\"og:locale\" content=\"fr_FR\" \/>\n<meta property=\"og:type\" content=\"article\" \/>\n<meta property=\"og:title\" content=\"Ralph de Souza - MISQA - McGill International String Quartet Academy\" \/>\n<meta property=\"og:description\" content=\"N\u00e9 \u00e0 Bombay, Ralph de Souza a commenc\u00e9 l\u2019\u00e9tude du violon avec son p\u00e8re avant d \u2018\u00e9tudier quelques ann\u00e9es avec [&hellip;]\" \/>\n<meta property=\"og:url\" content=\"https:\/\/misqa.com\/fr\/professeurs\/ralph-de-souza\/\" \/>\n<meta property=\"og:site_name\" content=\"MISQA - McGill International String Quartet Academy\" \/>\n<meta property=\"og:image\" content=\"https:\/\/misqa.com\/wp-content\/uploads\/2021\/10\/Ralph-de-Souza.jpg\" \/>\n\t<meta property=\"og:image:width\" content=\"74\" \/>\n\t<meta property=\"og:image:height\" content=\"110\" \/>\n\t<meta property=\"og:image:type\" content=\"image\/jpeg\" \/>\n<meta name=\"twitter:card\" content=\"summary_large_image\" \/>\n<meta name=\"twitter:label1\" content=\"Dur\u00e9e de lecture estim\u00e9e\" \/>\n\t<meta name=\"twitter:data1\" content=\"1 minute\" \/>\n<script type=\"application\/ld+json\" class=\"yoast-schema-graph\">{\"@context\":\"https:\\\/\\\/schema.org\",\"@graph\":[{\"@type\":\"WebPage\",\"@id\":\"https:\\\/\\\/misqa.com\\\/fr\\\/professeurs\\\/ralph-de-souza\\\/\",\"url\":\"https:\\\/\\\/misqa.com\\\/fr\\\/professeurs\\\/ralph-de-souza\\\/\",\"name\":\"Ralph de Souza - MISQA - McGill International String Quartet Academy\",\"isPartOf\":{\"@id\":\"https:\\\/\\\/misqa.com\\\/#website\"},\"primaryImageOfPage\":{\"@id\":\"https:\\\/\\\/misqa.com\\\/fr\\\/professeurs\\\/ralph-de-souza\\\/#primaryimage\"},\"image\":{\"@id\":\"https:\\\/\\\/misqa.com\\\/fr\\\/professeurs\\\/ralph-de-souza\\\/#primaryimage\"},\"thumbnailUrl\":\"https:\\\/\\\/misqa.com\\\/wp-content\\\/uploads\\\/2021\\\/10\\\/Ralph-de-Souza.jpg\",\"datePublished\":\"2022-02-28T15:07:26+00:00\",\"breadcrumb\":{\"@id\":\"https:\\\/\\\/misqa.com\\\/fr\\\/professeurs\\\/ralph-de-souza\\\/#breadcrumb\"},\"inLanguage\":\"fr-FR\",\"potentialAction\":[{\"@type\":\"ReadAction\",\"target\":[\"https:\\\/\\\/misqa.com\\\/fr\\\/professeurs\\\/ralph-de-souza\\\/\"]}]},{\"@type\":\"ImageObject\",\"inLanguage\":\"fr-FR\",\"@id\":\"https:\\\/\\\/misqa.com\\\/fr\\\/professeurs\\\/ralph-de-souza\\\/#primaryimage\",\"url\":\"https:\\\/\\\/misqa.com\\\/wp-content\\\/uploads\\\/2021\\\/10\\\/Ralph-de-Souza.jpg\",\"contentUrl\":\"https:\\\/\\\/misqa.com\\\/wp-content\\\/uploads\\\/2021\\\/10\\\/Ralph-de-Souza.jpg\",\"width\":74,\"height\":110},{\"@type\":\"BreadcrumbList\",\"@id\":\"https:\\\/\\\/misqa.com\\\/fr\\\/professeurs\\\/ralph-de-souza\\\/#breadcrumb\",\"itemListElement\":[{\"@type\":\"ListItem\",\"position\":1,\"name\":\"Home\",\"item\":\"https:\\\/\\\/misqa.com\\\/\"},{\"@type\":\"ListItem\",\"position\":2,\"name\":\"Ralph de Souza\"}]},{\"@type\":\"WebSite\",\"@id\":\"https:\\\/\\\/misqa.com\\\/#website\",\"url\":\"https:\\\/\\\/misqa.com\\\/\",\"name\":\"MISQA - McGill International String Quartet Academy\",\"description\":\"Acad\u00e9mie de quatuors \u00e0 cordes au Canada\",\"publisher\":{\"@id\":\"https:\\\/\\\/misqa.com\\\/#organization\"},\"potentialAction\":[{\"@type\":\"SearchAction\",\"target\":{\"@type\":\"EntryPoint\",\"urlTemplate\":\"https:\\\/\\\/misqa.com\\\/?s={search_term_string}\"},\"query-input\":{\"@type\":\"PropertyValueSpecification\",\"valueRequired\":true,\"valueName\":\"search_term_string\"}}],\"inLanguage\":\"fr-FR\"},{\"@type\":\"Organization\",\"@id\":\"https:\\\/\\\/misqa.com\\\/#organization\",\"name\":\"MISQA - McGill International String Quartet Academy\",\"url\":\"https:\\\/\\\/misqa.com\\\/\",\"logo\":{\"@type\":\"ImageObject\",\"inLanguage\":\"fr-FR\",\"@id\":\"https:\\\/\\\/misqa.com\\\/#\\\/schema\\\/logo\\\/image\\\/\",\"url\":\"https:\\\/\\\/misqa.com\\\/wp-content\\\/uploads\\\/2022\\\/04\\\/misqa_logo_15.svg\",\"contentUrl\":\"https:\\\/\\\/misqa.com\\\/wp-content\\\/uploads\\\/2022\\\/04\\\/misqa_logo_15.svg\",\"caption\":\"MISQA - McGill International String Quartet Academy\"},\"image\":{\"@id\":\"https:\\\/\\\/misqa.com\\\/#\\\/schema\\\/logo\\\/image\\\/\"}}]}<\/script>\n<!-- \/ Yoast SEO plugin. -->","yoast_head_json":{"title":"Ralph de Souza - MISQA - McGill International String Quartet Academy","robots":{"index":"index","follow":"follow","max-snippet":"max-snippet:-1","max-image-preview":"max-image-preview:large","max-video-preview":"max-video-preview:-1"},"canonical":"https:\/\/misqa.com\/fr\/professeurs\/ralph-de-souza\/","og_locale":"fr_FR","og_type":"article","og_title":"Ralph de Souza - MISQA - McGill International String Quartet Academy","og_description":"N\u00e9 \u00e0 Bombay, Ralph de Souza a commenc\u00e9 l\u2019\u00e9tude du violon avec son p\u00e8re avant d \u2018\u00e9tudier quelques ann\u00e9es avec [&hellip;]","og_url":"https:\/\/misqa.com\/fr\/professeurs\/ralph-de-souza\/","og_site_name":"MISQA - McGill International String Quartet Academy","og_image":[{"width":74,"height":110,"url":"https:\/\/misqa.com\/wp-content\/uploads\/2021\/10\/Ralph-de-Souza.jpg","type":"image\/jpeg"}],"twitter_card":"summary_large_image","twitter_misc":{"Dur\u00e9e de lecture estim\u00e9e":"1 minute"},"schema":{"@context":"https:\/\/schema.org","@graph":[{"@type":"WebPage","@id":"https:\/\/misqa.com\/fr\/professeurs\/ralph-de-souza\/","url":"https:\/\/misqa.com\/fr\/professeurs\/ralph-de-souza\/","name":"Ralph de Souza - MISQA - McGill International String Quartet Academy","isPartOf":{"@id":"https:\/\/misqa.com\/#website"},"primaryImageOfPage":{"@id":"https:\/\/misqa.com\/fr\/professeurs\/ralph-de-souza\/#primaryimage"},"image":{"@id":"https:\/\/misqa.com\/fr\/professeurs\/ralph-de-souza\/#primaryimage"},"thumbnailUrl":"https:\/\/misqa.com\/wp-content\/uploads\/2021\/10\/Ralph-de-Souza.jpg","datePublished":"2022-02-28T15:07:26+00:00","breadcrumb":{"@id":"https:\/\/misqa.com\/fr\/professeurs\/ralph-de-souza\/#breadcrumb"},"inLanguage":"fr-FR","potentialAction":[{"@type":"ReadAction","target":["https:\/\/misqa.com\/fr\/professeurs\/ralph-de-souza\/"]}]},{"@type":"ImageObject","inLanguage":"fr-FR","@id":"https:\/\/misqa.com\/fr\/professeurs\/ralph-de-souza\/#primaryimage","url":"https:\/\/misqa.com\/wp-content\/uploads\/2021\/10\/Ralph-de-Souza.jpg","contentUrl":"https:\/\/misqa.com\/wp-content\/uploads\/2021\/10\/Ralph-de-Souza.jpg","width":74,"height":110},{"@type":"BreadcrumbList","@id":"https:\/\/misqa.com\/fr\/professeurs\/ralph-de-souza\/#breadcrumb","itemListElement":[{"@type":"ListItem","position":1,"name":"Home","item":"https:\/\/misqa.com\/"},{"@type":"ListItem","position":2,"name":"Ralph de Souza"}]},{"@type":"WebSite","@id":"https:\/\/misqa.com\/#website","url":"https:\/\/misqa.com\/","name":"MISQA - McGill International String Quartet Academy","description":"Acad\u00e9mie de quatuors \u00e0 cordes au Canada","publisher":{"@id":"https:\/\/misqa.com\/#organization"},"potentialAction":[{"@type":"SearchAction","target":{"@type":"EntryPoint","urlTemplate":"https:\/\/misqa.com\/?s={search_term_string}"},"query-input":{"@type":"PropertyValueSpecification","valueRequired":true,"valueName":"search_term_string"}}],"inLanguage":"fr-FR"},{"@type":"Organization","@id":"https:\/\/misqa.com\/#organization","name":"MISQA - McGill International String Quartet Academy","url":"https:\/\/misqa.com\/","logo":{"@type":"ImageObject","inLanguage":"fr-FR","@id":"https:\/\/misqa.com\/#\/schema\/logo\/image\/","url":"https:\/\/misqa.com\/wp-content\/uploads\/2022\/04\/misqa_logo_15.svg","contentUrl":"https:\/\/misqa.com\/wp-content\/uploads\/2022\/04\/misqa_logo_15.svg","caption":"MISQA - McGill International String Quartet Academy"},"image":{"@id":"https:\/\/misqa.com\/#\/schema\/logo\/image\/"}}]}},"_links":{"self":[{"href":"https:\/\/misqa.com\/fr\/wp-json\/wp\/v2\/professeurs\/1742","targetHints":{"allow":["GET"]}}],"collection":[{"href":"https:\/\/misqa.com\/fr\/wp-json\/wp\/v2\/professeurs"}],"about":[{"href":"https:\/\/misqa.com\/fr\/wp-json\/wp\/v2\/types\/professeurs"}],"wp:featuredmedia":[{"embeddable":true,"href":"https:\/\/misqa.com\/fr\/wp-json\/wp\/v2\/media\/1494"}],"wp:attachment":[{"href":"https:\/\/misqa.com\/fr\/wp-json\/wp\/v2\/media?parent=1742"}],"wp:term":[{"taxonomy":"annee","embeddable":true,"href":"https:\/\/misqa.com\/fr\/wp-json\/wp\/v2\/annee?post=1742"}],"curies":[{"name":"wp","href":"https:\/\/api.w.org\/{rel}","templated":true}]}}

<p>Né à Bombay, Ralph de Souza a commencé l’étude du violon avec son père avant d ‘étudier quelques années avec Melbourne Halloween.  Dès l’âge de 10 ans, il est admis à l’école Yehudi Menuhin de Londres et poursuit par la suite sa formation  à  l’Institut Curtis de Philadelphie, où il étudie avec Ivan Galamian et Jaime Laredo.<br />
Récipiendaire de la médaille d’or du Royal Overseas League Competition de Londres en 1977, M. de Souza  découvre sa passion pour le quatuor à cordes en 1985 lors d’un séjour au Festival de Musique de Chambre de Marlboro. L’année suivante, il retourne en Angleterre pour se joindre au quatuor Endellion.<br />
Ralph de Souza  collabore depuis plusieurs années avec le Séminaire International des Musiciens à Prussia Cove et enseigne également à l’école Yehudi Menuhin.</p>

<!-- This site is optimized with the Yoast SEO plugin v27.5 - https://yoast.com/product/yoast-seo-wordpress/ -->
<title>Ralph de Souza - MISQA - McGill International String Quartet Academy</title>
<meta name="robots" content="index, follow, max-snippet:-1, max-image-preview:large, max-video-preview:-1" />
<link rel="canonical" href="https://misqa.com/fr/professeurs/ralph-de-souza/" />
<meta property="og:locale" content="fr_FR" />
<meta property="og:type" content="article" />
<meta property="og:title" content="Ralph de Souza - MISQA - McGill International String Quartet Academy" />
<meta property="og:description" content="Né à Bombay, Ralph de Souza a commencé l’étude du violon avec son père avant d ‘étudier quelques années avec [&hellip;]" />
<meta property="og:url" content="https://misqa.com/fr/professeurs/ralph-de-souza/" />
<meta property="og:site_name" content="MISQA - McGill International String Quartet Academy" />
<meta property="og:image" content="https://misqa.com/wp-content/uploads/2021/10/Ralph-de-Souza.jpg" />
	<meta property="og:image:width" content="74" />
	<meta property="og:image:height" content="110" />
	<meta property="og:image:type" content="image/jpeg" />
<meta name="twitter:card" content="summary_large_image" />
<meta name="twitter:label1" content="Durée de lecture estimée" />
	<meta name="twitter:data1" content="1 minute" />
<script type="application/ld+json" class="yoast-schema-graph">{"@context":"https:\/\/schema.org","@graph":[{"@type":"WebPage","@id":"https:\/\/misqa.com\/fr\/professeurs\/ralph-de-souza\/","url":"https:\/\/misqa.com\/fr\/professeurs\/ralph-de-souza\/","name":"Ralph de Souza - MISQA - McGill International String Quartet Academy","isPartOf":{"@id":"https:\/\/misqa.com\/#website"},"primaryImageOfPage":{"@id":"https:\/\/misqa.com\/fr\/professeurs\/ralph-de-souza\/#primaryimage"},"image":{"@id":"https:\/\/misqa.com\/fr\/professeurs\/ralph-de-souza\/#primaryimage"},"thumbnailUrl":"https:\/\/misqa.com\/wp-content\/uploads\/2021\/10\/Ralph-de-Souza.jpg","datePublished":"2022-02-28T15:07:26+00:00","breadcrumb":{"@id":"https:\/\/misqa.com\/fr\/professeurs\/ralph-de-souza\/#breadcrumb"},"inLanguage":"fr-FR","potentialAction":[{"@type":"ReadAction","target":["https:\/\/misqa.com\/fr\/professeurs\/ralph-de-souza\/"]}]},{"@type":"ImageObject","inLanguage":"fr-FR","@id":"https:\/\/misqa.com\/fr\/professeurs\/ralph-de-souza\/#primaryimage","url":"https:\/\/misqa.com\/wp-content\/uploads\/2021\/10\/Ralph-de-Souza.jpg","contentUrl":"https:\/\/misqa.com\/wp-content\/uploads\/2021\/10\/Ralph-de-Souza.jpg","width":74,"height":110},{"@type":"BreadcrumbList","@id":"https:\/\/misqa.com\/fr\/professeurs\/ralph-de-souza\/#breadcrumb","itemListElement":[{"@type":"ListItem","position":1,"name":"Home","item":"https:\/\/misqa.com\/"},{"@type":"ListItem","position":2,"name":"Ralph de Souza"}]},{"@type":"WebSite","@id":"https:\/\/misqa.com\/#website","url":"https:\/\/misqa.com\/","name":"MISQA - McGill International String Quartet Academy","description":"Académie de quatuors à cordes au Canada","publisher":{"@id":"https:\/\/misqa.com\/#organization"},"potentialAction":[{"@type":"SearchAction","target":{"@type":"EntryPoint","urlTemplate":"https:\/\/misqa.com\/?s={search_term_string}"},"query-input":{"@type":"PropertyValueSpecification","valueRequired":true,"valueName":"search_term_string"}}],"inLanguage":"fr-FR"},{"@type":"Organization","@id":"https:\/\/misqa.com\/#organization","name":"MISQA - McGill International String Quartet Academy","url":"https:\/\/misqa.com\/","logo":{"@type":"ImageObject","inLanguage":"fr-FR","@id":"https:\/\/misqa.com\/#\/schema\/logo\/image\/","url":"https:\/\/misqa.com\/wp-content\/uploads\/2022\/04\/misqa_logo_15.svg","contentUrl":"https:\/\/misqa.com\/wp-content\/uploads\/2022\/04\/misqa_logo_15.svg","caption":"MISQA - McGill International String Quartet Academy"},"image":{"@id":"https:\/\/misqa.com\/#\/schema\/logo\/image\/"}}]}</script>
<!-- / Yoast SEO plugin. -->

Né à Bombay, Ralph de Souza a commencé l’étude du violon avec son père avant d ‘étudier quelques années avec [&hellip;]

Académie de quatuors à cordes au Canada
