{"id":1294,"date":"2022-02-28T15:56:04","date_gmt":"2022-02-28T14:56:04","guid":{"rendered":"https:\/\/misqa.com\/quatuors\/vera\/"},"modified":"2022-02-28T15:56:04","modified_gmt":"2022-02-28T14:56:04","slug":"vera","status":"publish","type":"quatuors","link":"https:\/\/misqa.com\/fr\/quatuors\/vera\/","title":{"rendered":"Vera"},"content":{"rendered":"<p>Gagnant des auditions nationales Astral Artists en 2018, le Vera Quartet est actuellement le Quatuor \u00e0 Cordes en r\u00e9sidence au Curtis Institute of Music. Le quatuor a \u00e9galement re\u00e7u les Grands Prix des Comp\u00e9titions de Musique de Chambre Plowman et Yellow Springs et est laur\u00e9at des concours M-Prize et Wigmore Hall de Londres.<br \/>\nForm\u00e9 en 2015, le quatuor a travaill\u00e9 avec le Quatuor Pacifica, les membres des quatuors Guarneri, Juilliard, Cleveland, Brentano, Orion et Tokyo, ainsi qu\u2019avec Atar Arad, Mauricio Fuks et Peter Stumpf.<br \/>\nLe Quatuor Vera Quartet fait partie de la s\u00e9lection officielle du 13e Concours International de Quatuor \u00e0 Cordes de Banff.<\/p>\n","protected":false},"featured_media":901,"template":"","annee":[8],"experience":[51],"class_list":["post-1294","quatuors","type-quatuors","status-publish","has-post-thumbnail","hentry","annee-8","experience-senior-fr"],"acf":[],"yoast_head":"<!-- This site is optimized with the Yoast SEO plugin v27.5 - https:\/\/yoast.com\/product\/yoast-seo-wordpress\/ -->\n<title>Vera - MISQA - McGill International String Quartet Academy<\/title>\n<meta name=\"robots\" content=\"index, follow, max-snippet:-1, max-image-preview:large, max-video-preview:-1\" \/>\n<link rel=\"canonical\" href=\"https:\/\/misqa.com\/fr\/quatuors\/vera\/\" \/>\n<meta property=\"og:locale\" content=\"fr_FR\" \/>\n<meta property=\"og:type\" content=\"article\" \/>\n<meta property=\"og:title\" content=\"Vera - MISQA - McGill International String Quartet Academy\" \/>\n<meta property=\"og:description\" content=\"Gagnant des auditions nationales Astral Artists en 2018, le Vera Quartet est actuellement le Quatuor \u00e0 Cordes en r\u00e9sidence au [&hellip;]\" \/>\n<meta property=\"og:url\" content=\"https:\/\/misqa.com\/fr\/quatuors\/vera\/\" \/>\n<meta property=\"og:site_name\" content=\"MISQA - McGill International String Quartet Academy\" \/>\n<meta property=\"og:image\" content=\"https:\/\/misqa.com\/wp-content\/uploads\/2022\/02\/11022018_AstralVeraQuartet_014-1.jpg\" \/>\n\t<meta property=\"og:image:width\" content=\"247\" \/>\n\t<meta property=\"og:image:height\" content=\"110\" \/>\n\t<meta property=\"og:image:type\" content=\"image\/jpeg\" \/>\n<meta name=\"twitter:card\" content=\"summary_large_image\" \/>\n<meta name=\"twitter:label1\" content=\"Dur\u00e9e de lecture estim\u00e9e\" \/>\n\t<meta name=\"twitter:data1\" content=\"1 minute\" \/>\n<script type=\"application\/ld+json\" class=\"yoast-schema-graph\">{\"@context\":\"https:\\\/\\\/schema.org\",\"@graph\":[{\"@type\":\"WebPage\",\"@id\":\"https:\\\/\\\/misqa.com\\\/fr\\\/quatuors\\\/vera\\\/\",\"url\":\"https:\\\/\\\/misqa.com\\\/fr\\\/quatuors\\\/vera\\\/\",\"name\":\"Vera - MISQA - McGill International String Quartet Academy\",\"isPartOf\":{\"@id\":\"https:\\\/\\\/misqa.com\\\/#website\"},\"primaryImageOfPage\":{\"@id\":\"https:\\\/\\\/misqa.com\\\/fr\\\/quatuors\\\/vera\\\/#primaryimage\"},\"image\":{\"@id\":\"https:\\\/\\\/misqa.com\\\/fr\\\/quatuors\\\/vera\\\/#primaryimage\"},\"thumbnailUrl\":\"https:\\\/\\\/misqa.com\\\/wp-content\\\/uploads\\\/2022\\\/02\\\/11022018_AstralVeraQuartet_014-1.jpg\",\"datePublished\":\"2022-02-28T14:56:04+00:00\",\"breadcrumb\":{\"@id\":\"https:\\\/\\\/misqa.com\\\/fr\\\/quatuors\\\/vera\\\/#breadcrumb\"},\"inLanguage\":\"fr-FR\",\"potentialAction\":[{\"@type\":\"ReadAction\",\"target\":[\"https:\\\/\\\/misqa.com\\\/fr\\\/quatuors\\\/vera\\\/\"]}]},{\"@type\":\"ImageObject\",\"inLanguage\":\"fr-FR\",\"@id\":\"https:\\\/\\\/misqa.com\\\/fr\\\/quatuors\\\/vera\\\/#primaryimage\",\"url\":\"https:\\\/\\\/misqa.com\\\/wp-content\\\/uploads\\\/2022\\\/02\\\/11022018_AstralVeraQuartet_014-1.jpg\",\"contentUrl\":\"https:\\\/\\\/misqa.com\\\/wp-content\\\/uploads\\\/2022\\\/02\\\/11022018_AstralVeraQuartet_014-1.jpg\",\"width\":247,\"height\":110},{\"@type\":\"BreadcrumbList\",\"@id\":\"https:\\\/\\\/misqa.com\\\/fr\\\/quatuors\\\/vera\\\/#breadcrumb\",\"itemListElement\":[{\"@type\":\"ListItem\",\"position\":1,\"name\":\"Home\",\"item\":\"https:\\\/\\\/misqa.com\\\/\"},{\"@type\":\"ListItem\",\"position\":2,\"name\":\"Vera\"}]},{\"@type\":\"WebSite\",\"@id\":\"https:\\\/\\\/misqa.com\\\/#website\",\"url\":\"https:\\\/\\\/misqa.com\\\/\",\"name\":\"MISQA - McGill International String Quartet Academy\",\"description\":\"Acad\u00e9mie de quatuors \u00e0 cordes au Canada\",\"publisher\":{\"@id\":\"https:\\\/\\\/misqa.com\\\/#organization\"},\"potentialAction\":[{\"@type\":\"SearchAction\",\"target\":{\"@type\":\"EntryPoint\",\"urlTemplate\":\"https:\\\/\\\/misqa.com\\\/?s={search_term_string}\"},\"query-input\":{\"@type\":\"PropertyValueSpecification\",\"valueRequired\":true,\"valueName\":\"search_term_string\"}}],\"inLanguage\":\"fr-FR\"},{\"@type\":\"Organization\",\"@id\":\"https:\\\/\\\/misqa.com\\\/#organization\",\"name\":\"MISQA - McGill International String Quartet Academy\",\"url\":\"https:\\\/\\\/misqa.com\\\/\",\"logo\":{\"@type\":\"ImageObject\",\"inLanguage\":\"fr-FR\",\"@id\":\"https:\\\/\\\/misqa.com\\\/#\\\/schema\\\/logo\\\/image\\\/\",\"url\":\"https:\\\/\\\/misqa.com\\\/wp-content\\\/uploads\\\/2022\\\/04\\\/misqa_logo_15.svg\",\"contentUrl\":\"https:\\\/\\\/misqa.com\\\/wp-content\\\/uploads\\\/2022\\\/04\\\/misqa_logo_15.svg\",\"caption\":\"MISQA - McGill International String Quartet Academy\"},\"image\":{\"@id\":\"https:\\\/\\\/misqa.com\\\/#\\\/schema\\\/logo\\\/image\\\/\"}}]}<\/script>\n<!-- \/ Yoast SEO plugin. -->","yoast_head_json":{"title":"Vera - MISQA - McGill International String Quartet Academy","robots":{"index":"index","follow":"follow","max-snippet":"max-snippet:-1","max-image-preview":"max-image-preview:large","max-video-preview":"max-video-preview:-1"},"canonical":"https:\/\/misqa.com\/fr\/quatuors\/vera\/","og_locale":"fr_FR","og_type":"article","og_title":"Vera - MISQA - McGill International String Quartet Academy","og_description":"Gagnant des auditions nationales Astral Artists en 2018, le Vera Quartet est actuellement le Quatuor \u00e0 Cordes en r\u00e9sidence au [&hellip;]","og_url":"https:\/\/misqa.com\/fr\/quatuors\/vera\/","og_site_name":"MISQA - McGill International String Quartet Academy","og_image":[{"width":247,"height":110,"url":"https:\/\/misqa.com\/wp-content\/uploads\/2022\/02\/11022018_AstralVeraQuartet_014-1.jpg","type":"image\/jpeg"}],"twitter_card":"summary_large_image","twitter_misc":{"Dur\u00e9e de lecture estim\u00e9e":"1 minute"},"schema":{"@context":"https:\/\/schema.org","@graph":[{"@type":"WebPage","@id":"https:\/\/misqa.com\/fr\/quatuors\/vera\/","url":"https:\/\/misqa.com\/fr\/quatuors\/vera\/","name":"Vera - MISQA - McGill International String Quartet Academy","isPartOf":{"@id":"https:\/\/misqa.com\/#website"},"primaryImageOfPage":{"@id":"https:\/\/misqa.com\/fr\/quatuors\/vera\/#primaryimage"},"image":{"@id":"https:\/\/misqa.com\/fr\/quatuors\/vera\/#primaryimage"},"thumbnailUrl":"https:\/\/misqa.com\/wp-content\/uploads\/2022\/02\/11022018_AstralVeraQuartet_014-1.jpg","datePublished":"2022-02-28T14:56:04+00:00","breadcrumb":{"@id":"https:\/\/misqa.com\/fr\/quatuors\/vera\/#breadcrumb"},"inLanguage":"fr-FR","potentialAction":[{"@type":"ReadAction","target":["https:\/\/misqa.com\/fr\/quatuors\/vera\/"]}]},{"@type":"ImageObject","inLanguage":"fr-FR","@id":"https:\/\/misqa.com\/fr\/quatuors\/vera\/#primaryimage","url":"https:\/\/misqa.com\/wp-content\/uploads\/2022\/02\/11022018_AstralVeraQuartet_014-1.jpg","contentUrl":"https:\/\/misqa.com\/wp-content\/uploads\/2022\/02\/11022018_AstralVeraQuartet_014-1.jpg","width":247,"height":110},{"@type":"BreadcrumbList","@id":"https:\/\/misqa.com\/fr\/quatuors\/vera\/#breadcrumb","itemListElement":[{"@type":"ListItem","position":1,"name":"Home","item":"https:\/\/misqa.com\/"},{"@type":"ListItem","position":2,"name":"Vera"}]},{"@type":"WebSite","@id":"https:\/\/misqa.com\/#website","url":"https:\/\/misqa.com\/","name":"MISQA - McGill International String Quartet Academy","description":"Acad\u00e9mie de quatuors \u00e0 cordes au Canada","publisher":{"@id":"https:\/\/misqa.com\/#organization"},"potentialAction":[{"@type":"SearchAction","target":{"@type":"EntryPoint","urlTemplate":"https:\/\/misqa.com\/?s={search_term_string}"},"query-input":{"@type":"PropertyValueSpecification","valueRequired":true,"valueName":"search_term_string"}}],"inLanguage":"fr-FR"},{"@type":"Organization","@id":"https:\/\/misqa.com\/#organization","name":"MISQA - McGill International String Quartet Academy","url":"https:\/\/misqa.com\/","logo":{"@type":"ImageObject","inLanguage":"fr-FR","@id":"https:\/\/misqa.com\/#\/schema\/logo\/image\/","url":"https:\/\/misqa.com\/wp-content\/uploads\/2022\/04\/misqa_logo_15.svg","contentUrl":"https:\/\/misqa.com\/wp-content\/uploads\/2022\/04\/misqa_logo_15.svg","caption":"MISQA - McGill International String Quartet Academy"},"image":{"@id":"https:\/\/misqa.com\/#\/schema\/logo\/image\/"}}]}},"_links":{"self":[{"href":"https:\/\/misqa.com\/fr\/wp-json\/wp\/v2\/quatuors\/1294","targetHints":{"allow":["GET"]}}],"collection":[{"href":"https:\/\/misqa.com\/fr\/wp-json\/wp\/v2\/quatuors"}],"about":[{"href":"https:\/\/misqa.com\/fr\/wp-json\/wp\/v2\/types\/quatuors"}],"wp:featuredmedia":[{"embeddable":true,"href":"https:\/\/misqa.com\/fr\/wp-json\/wp\/v2\/media\/901"}],"wp:attachment":[{"href":"https:\/\/misqa.com\/fr\/wp-json\/wp\/v2\/media?parent=1294"}],"wp:term":[{"taxonomy":"annee","embeddable":true,"href":"https:\/\/misqa.com\/fr\/wp-json\/wp\/v2\/annee?post=1294"},{"taxonomy":"experience","embeddable":true,"href":"https:\/\/misqa.com\/fr\/wp-json\/wp\/v2\/experience?post=1294"}],"curies":[{"name":"wp","href":"https:\/\/api.w.org\/{rel}","templated":true}]}}

<p>Gagnant des auditions nationales Astral Artists en 2018, le Vera Quartet est actuellement le Quatuor à Cordes en résidence au Curtis Institute of Music. Le quatuor a également reçu les Grands Prix des Compétitions de Musique de Chambre Plowman et Yellow Springs et est lauréat des concours M-Prize et Wigmore Hall de Londres.<br />
Formé en 2015, le quatuor a travaillé avec le Quatuor Pacifica, les membres des quatuors Guarneri, Juilliard, Cleveland, Brentano, Orion et Tokyo, ainsi qu’avec Atar Arad, Mauricio Fuks et Peter Stumpf.<br />
Le Quatuor Vera Quartet fait partie de la sélection officielle du 13e Concours International de Quatuor à Cordes de Banff.</p>

<!-- This site is optimized with the Yoast SEO plugin v27.5 - https://yoast.com/product/yoast-seo-wordpress/ -->
<title>Vera - MISQA - McGill International String Quartet Academy</title>
<meta name="robots" content="index, follow, max-snippet:-1, max-image-preview:large, max-video-preview:-1" />
<link rel="canonical" href="https://misqa.com/fr/quatuors/vera/" />
<meta property="og:locale" content="fr_FR" />
<meta property="og:type" content="article" />
<meta property="og:title" content="Vera - MISQA - McGill International String Quartet Academy" />
<meta property="og:description" content="Gagnant des auditions nationales Astral Artists en 2018, le Vera Quartet est actuellement le Quatuor à Cordes en résidence au [&hellip;]" />
<meta property="og:url" content="https://misqa.com/fr/quatuors/vera/" />
<meta property="og:site_name" content="MISQA - McGill International String Quartet Academy" />
<meta property="og:image" content="https://misqa.com/wp-content/uploads/2022/02/11022018_AstralVeraQuartet_014-1.jpg" />
	<meta property="og:image:width" content="247" />
	<meta property="og:image:height" content="110" />
	<meta property="og:image:type" content="image/jpeg" />
<meta name="twitter:card" content="summary_large_image" />
<meta name="twitter:label1" content="Durée de lecture estimée" />
	<meta name="twitter:data1" content="1 minute" />
<script type="application/ld+json" class="yoast-schema-graph">{"@context":"https:\/\/schema.org","@graph":[{"@type":"WebPage","@id":"https:\/\/misqa.com\/fr\/quatuors\/vera\/","url":"https:\/\/misqa.com\/fr\/quatuors\/vera\/","name":"Vera - MISQA - McGill International String Quartet Academy","isPartOf":{"@id":"https:\/\/misqa.com\/#website"},"primaryImageOfPage":{"@id":"https:\/\/misqa.com\/fr\/quatuors\/vera\/#primaryimage"},"image":{"@id":"https:\/\/misqa.com\/fr\/quatuors\/vera\/#primaryimage"},"thumbnailUrl":"https:\/\/misqa.com\/wp-content\/uploads\/2022\/02\/11022018_AstralVeraQuartet_014-1.jpg","datePublished":"2022-02-28T14:56:04+00:00","breadcrumb":{"@id":"https:\/\/misqa.com\/fr\/quatuors\/vera\/#breadcrumb"},"inLanguage":"fr-FR","potentialAction":[{"@type":"ReadAction","target":["https:\/\/misqa.com\/fr\/quatuors\/vera\/"]}]},{"@type":"ImageObject","inLanguage":"fr-FR","@id":"https:\/\/misqa.com\/fr\/quatuors\/vera\/#primaryimage","url":"https:\/\/misqa.com\/wp-content\/uploads\/2022\/02\/11022018_AstralVeraQuartet_014-1.jpg","contentUrl":"https:\/\/misqa.com\/wp-content\/uploads\/2022\/02\/11022018_AstralVeraQuartet_014-1.jpg","width":247,"height":110},{"@type":"BreadcrumbList","@id":"https:\/\/misqa.com\/fr\/quatuors\/vera\/#breadcrumb","itemListElement":[{"@type":"ListItem","position":1,"name":"Home","item":"https:\/\/misqa.com\/"},{"@type":"ListItem","position":2,"name":"Vera"}]},{"@type":"WebSite","@id":"https:\/\/misqa.com\/#website","url":"https:\/\/misqa.com\/","name":"MISQA - McGill International String Quartet Academy","description":"Académie de quatuors à cordes au Canada","publisher":{"@id":"https:\/\/misqa.com\/#organization"},"potentialAction":[{"@type":"SearchAction","target":{"@type":"EntryPoint","urlTemplate":"https:\/\/misqa.com\/?s={search_term_string}"},"query-input":{"@type":"PropertyValueSpecification","valueRequired":true,"valueName":"search_term_string"}}],"inLanguage":"fr-FR"},{"@type":"Organization","@id":"https:\/\/misqa.com\/#organization","name":"MISQA - McGill International String Quartet Academy","url":"https:\/\/misqa.com\/","logo":{"@type":"ImageObject","inLanguage":"fr-FR","@id":"https:\/\/misqa.com\/#\/schema\/logo\/image\/","url":"https:\/\/misqa.com\/wp-content\/uploads\/2022\/04\/misqa_logo_15.svg","contentUrl":"https:\/\/misqa.com\/wp-content\/uploads\/2022\/04\/misqa_logo_15.svg","caption":"MISQA - McGill International String Quartet Academy"},"image":{"@id":"https:\/\/misqa.com\/#\/schema\/logo\/image\/"}}]}</script>
<!-- / Yoast SEO plugin. -->

Gagnant des auditions nationales Astral Artists en 2018, le Vera Quartet est actuellement le Quatuor à Cordes en résidence au [&hellip;]

Académie de quatuors à cordes au Canada
